rs of v.
2
Suppose 4*s + 67 = 91. What are the prime factors of s?
2, 3
Let w(t) = -13*t + 36. List the prime factors of w(-4).
2, 11
Let c(g) = -g**2 + 7*g + 8. Let k be c(6). Suppose 4*x - 4*b + k = 78, -2*b = 5*x - 45. Suppose -x - 1 = -n. List the prime factors of n.
2, 3
Let i = 12 + 7. What are the prime factors of i?
19
Let j(s) = s**3 + 12*s**2 - 19*s - 10. List the prime factors of j(-13).
2, 17
Let u = 289 + -147. What are the prime factors of u?
2, 71
What are the prime factors of 34628/121 - 4/22?
2, 11, 13
Let y be 8/(-28) + 32/14. Suppose -y*l = -20 - 4. List the prime factors of l.
2, 3
Suppose -5*l + 4 = -2*d + 7, 0 = 3*d - 3*l + 9. Let s(q) = q. Let g(f) = -6*f - 5. Let v(i) = g(i) + 4*s(i). What are the prime factors of v(d)?
7
Let z(r) = -r + 2. Let v be z(-7). Suppose 3*g = -d + v, -2*g - 2 = 5*d + 5. List the prime factors of (d - -4*1) + 2.
3
Let a(q) = q**2 + q - 4. Let z(u) = 4*u**2 + 2*u - 13. Let m(b) = -14*a(b) + 4*z(b). List the prime factors of m(5).
2, 3
Suppose -4*y + 9*y = 0. Let u be -2 - (y + 2 + -6). What are the prime factors of (u - 1) + 2 + 4?
7
Let g(p) = p**3 - 2*p**2 - 2*p + 3. Let b = 10 - 7. List the prime factors of g(b).
2, 3
Suppose -2*h + n = 13, -3*h - 33 = -h + 3*n. Let v(z) = -z**2 - 11*z + 7. Let a be v(h). Suppose -2*p + 7*p = a. What are the prime factors of p?
5
Let j(k) be the second derivative of -k**4/12 - 5*k**3/6 + 2*k**2 - 2*k. Let g be j(-6). List the prime factors of (4*-5)/g - 2.
2
Let k(m) be the first derivative of -m**3/3 + 9*m**2/2 - 8*m - 1. Let i(a) = -a**2 + 7*a - 4. Let y be i(5). List the prime factors of k(y).
2, 5
List the prime factors of (1 - -2) + 70/5.
17
Let i(w) = 3*w**2 + 12*w + 1. What are the prime factors of i(-9)?
2, 17
Let q(x) be the first derivative of 41*x**4/4 - x**3/3 + 5. List the prime factors of q(1).
2, 5
What are the prime factors of 84*1 - (8 + -2 + -3)?
3
Let z be 12/8 + (-2)/4. Suppose -4*b - z = -13. What are the prime factors of b?
3
Let a be -1*(-12 - (-3 + 1)). List the prime factors of 12/30 + 126/a.
13
Let n(g) = g**3 - 6*g**2 - 7*g - 3. Let p be n(7). Let a(x) = -x**3 - 2*x**2 + 1. What are the prime factors of a(p)?
2, 5
Let u(t) = 3*t + 11. Let l(i) = -4*i - 11. Let b(c) = -5*l(c) - 6*u(c). Let k = 2 + 6. List the prime factors of b(k).
5
Suppose 2*b + 10 = -4*g, -4*g - 2 = 5*b + 5. Suppose -b = -2*o + 5. List the prime factors of o.
3
Let i(g) = g**2 + 5*g - 3. Suppose 0 = -5*h + h. Suppose -2*m = h, 0 = -5*p - 3*m - m - 35. What are the prime factors of i(p)?
11
Suppose 139 + 1061 = 4*l + 4*f, 5*f = 5*l - 1510. What are the prime factors of l?
7, 43
Let g be 0*((-1)/2)/1. Suppose 5*w = -g*w. Suppose -2*v + 10 = -w*v. What are the prime factors of v?
5
Suppose 49*j = 45*j + 1112. List the prime factors of j.
2, 139
Let f(j) = -j**2 - 5*j + 3. Let p be f(-4). Let i be (-8)/((-4)/(-1)) - -7. Let v = i + p. What are the prime factors of v?
2, 3
Let r(g) = 45*g**3 + 1. Let p be r(1). Suppose -4*z = -5*t - z + p, -t = 2*z - 17. What are the prime factors of t?
11
Suppose -3*y = -w - y + 187, 4*y + 563 = 3*w. What are the prime factors of w?
3, 7
Let h(y) = -5*y - 1. Let i(s) = -s**3 - 8*s**2 + 4. Let b be i(-8). Let o = b - 6. List the prime factors of h(o).
3
Suppose -2 = -j - 4*r, 0 = j + 3*r - 1 - 0. Let s be (-24)/(-8) + ((-2)/1 - 0). What are the prime factors of 5/(-2)*j/s?
5
Let w = 5 + -3. Suppose 8 = -a - 3*g, -a - 2*g + g + w = 0. What are the prime factors of a?
7
Suppose 2*y = 3*y + 1. What are the prime factors of y/((-22)/(-8) + -3)?
2
Let g be 0 + 1/3*0. Suppose g = 3*m + 17 + 22. Let i = 21 + m. What are the prime factors of i?
2
Let j(a) = 8*a - 6. What are the prime factors of j(5)?
2, 17
What are the prime factors of 58/8*(1 + 3)?
29
Let j be (2/4)/(1/(-4)). List the prime factors of (-9)/15*(-7 - j).
3
Let z(s) = 43*s**3 - 2*s**2 + 7*s + 2. Let r(n) = 22*n**3 - n**2 + 3*n + 1. Let x(g) = -5*r(g) + 2*z(g). List the prime factors of x(-1).
5
Suppose -76 = -n + 11. List the prime factors of n.
3, 29
Let g(l) = 184*l**3 + 2*l - 1. What are the prime factors of g(1)?
5, 37
Suppose 0*h = 5*h - 15. Suppose h*f = 30 + 21. List the prime factors of f.
17
Suppose -4*o = -6 - 2. Suppose -o*d - d = 18. What are the prime factors of (16/6)/(d/(-9))?
2
List the prime factors of (17 + 4)*(-2 + 17/3).
7, 11
Let y be 20 - 4/6*3. Suppose 0*o = -2*o + y. Suppose g + z = o, -31 = -3*g + 3*z - 2*z. What are the prime factors of g?
2, 5
Let y be -1 + 41 + (-3)/(-1). Let v = y + -21. List the prime factors of v.
2, 11
Suppose -2*h + 6 = -2*m, -7 = -2*m - 2*h + 3. Let y(w) = -w**2 + 4*w + 5. Let f be y(6). Let l = m - f. What are the prime factors of l?
2
Let k = 11 + -8. Suppose 6 = k*j, -j - 10 = -m - 0*m. List the prime factors of m.
2, 3
Suppose -11 = -2*k - 3. Let b(p) = -k*p + 2*p**2 + 1 - 2 + p - 1. List the prime factors of b(3).
7
Let w = 145 + -101. What are the prime factors of w?
2, 11
Let d be 5/4 - (-4)/(-16). Let v = 2 + d. Let r = 4 + v. List the prime factors of r.
7
What are the prime factors of 1/(3/96) - -2?
2, 17
Suppose -2*s = -3*m - 7*s + 435, 3*s = m - 145. What are the prime factors of m?
5, 29
Let f(i) be the first derivative of -i**4/4 + 2*i**3 + 9*i**2/2 - 2*i + 3. What are the prime factors of f(7)?
2, 3
Let z be ((-4)/(-6))/(2/27). List the prime factors of 101/9 + (-2)/z.
11
Let s = -6 + 11. Suppose -5*q = s*f + 8 - 38, 5*f + 25 = 0. Suppose u = 5 + q. List the prime factors of u.
2
Let n = 195 - 114. List the prime factors of n.
3
Let t(h) = h**3 + 11*h**2 + 8*h + 12. List the prime factors of t(-10).
2
Let m(s) = -s**2 + 9*s - 3. Let k be m(6). Let a be 52/(-6) - 24/18. Let v = a + k. List the prime factors of v.
5
Suppose -494 - 216 = -5*u. List the prime factors of u.
2, 71
Suppose 0 = -13*g + 1886 - 144. What are the prime factors of g?
2, 67
Let f(g) = 2*g - 5. Let i be f(4). Let v = -5 - i. Let x = 1 - v. What are the prime factors of x?
3
Let m = -93 - -43. Let l = m - -83. List the prime factors of l.
3, 11
What are the prime factors of (-44 + (-3)/(-1))*-2?
2, 41
Let i be (-6)/(-1 - -4) + 2. Suppose i = -0*y + 5*y - 55. List the prime factors of ((-3 + y)*-2)/(-1).
2
Suppose 0*y + 2*s = 5*y - 29, -s = 2*y - 8. Suppose -2*b = -b - y, 0 = -5*f + 4*b - 15. Let d(c) = 6*c - 1. List the prime factors of d(f).
5
Suppose -3*m = 2*p - 80, 0*m = 3*m. Suppose -5*j + 110 = -p. List the prime factors of j.
2, 3, 5
Suppose 0 = -2*x + 2 + 2. Let b be (32/(-20))/(x/(-5)). Suppose 77 = 4*o + b*v - v, -o + 32 = 5*v. List the prime factors of o.
17
Let o be 6/(-8) - (-23)/4. Suppose -4 = -x - 4*f, -3 = o*f + 17. What are the prime factors of x?
2, 5
Let n = 25 - 18. Let m be 51/n + 4/(-14). List the prime factors of m/2 + (-2)/(-4).
2
Let y = 3 + 1. Suppose -y*d + 9 = 3*v, 0*d + d = 2*v + 16. Suppose d = -3*u + 21. What are the prime factors of u?
5
Let l = 42 - 15. Suppose -11 - l = -2*p. List the prime factors of p.
19
Let t be 5*((-12)/10 + 2). Suppose t*f + 14 = 3*h, f = 2*f - 5*h + 12. What are the prime factors of (-6 - f)*6/(-2)?
2, 3
Suppose -4*s - 21 = -5*r, 2*s - 39 = 6*s + r. What are the prime factors of 2/s + 595/45?
13
Suppose -4*d + 43 = -3*d. List the prime factors of d.
43
Let d(q) = -10*q**2 + 4*q - 3. Let c be d(3). Let h = -54 - c. List the prime factors of h/2 + 2/4.
2, 7
Let v be (-1)/2 - 5/(-2). Let k be -1*1 - (-2 - v). List the prime factors of ((-8)/k)/((-6)/9).
2
Let r = 14 - 29. Let j = -9 - r. Suppose -4*y + 3*y + j = 0. List the prime factors of y.
2, 3
Let a(l) = 0*l**2 + l**2 + 0*l**2. Suppose 0 = -3*q + 4 + 5. What are the prime factors of a(q)?
3
Let r be 2/3*3 - 2. Let v = 16 - r. List the prime factors of v.
2
Suppose -c - 2 = 2*u, 2*c = 5*u - 5 + 1. Let d(f) = -f**3 - 2*f**2 - f + 1. Let g be d(c). Suppose -m + g = -0*m. What are the prime factors of m?
3
Let q be (-11)/(-3) + 2/6. Suppose 0 = -4*n - 3*h + q, 0 = -n - 2*n - 3*h. Suppose -3*t + 2*o + 25 = -2, n*t - 56 = -4*o. What are the prime factors of t?
11
Let a = -8 - 0. Let o = -3 - a. What are the prime factors of o?
5
Let r(o) be the third derivative of -1/6*o**3 - 4*o**2 + 0 - 1/24*o**4 + 0*o. List the prime factors of r(-5).
2
Suppose 0*z - 16 = -4*z. Suppose z*v = -2*i + 1 + 9, 0 = -5*v + 2*i + 8. What are the prime fact